 + 14. Calculate r(23).
37
Let x(f) = 2*f**2 + 78*f - 68. Determine x(-39).
-68
Let z(q) = -q - 7. Calculate z(-8).
1
Let t(p) = 19*p - 80. What is t(7)?
53
Let h(j) = j**2 + 36*j - 404. What is h(9)?
1
Let c(x) = -x**2 + 4*x + 8. Calculate c(6).
-4
Let l(g) = -7*g + 106. Calculate l(13).
15
Let v(q) = -q**3 - 7*q**2 + 2*q + 2. What is v(-7)?
-12
Let w(r) = -6*r + 102. Determine w(18).
-6
Let w(q) = 6*q + 96. What is w(-17)?
-6
Let b(a) = -a - 10. Calculate b(-3).
-7
Let z(n) = -26*n**2 + 4*n - 1. Determine z(1).
-23
Let b(u) = -u**3 - 25*u**2 - 4*u - 112. Calculate b(-25).
-12
Let p(w) = -w**2 - 3*w + 16. What is p(-6)?
-2
Let n(j) = -j**3 - j - 1. Calculate n(3).
-31
Let k(y) = 11*y + 415. Calculate k(-37).
8
Let s(m) = -m**2 + 14*m. Calculate s(14).
0
Let n(b) = -3*b**2 - 10*b + 3. Determine n(-6).
-45
Let m(z) = z - 2. Give m(-16).
-18
Let m(t) = 36*t - 7. Determine m(1).
29
Let z(b) = b - 40. What is z(40)?
0
Let d(u) = -19*u - 19. Calculate d(8).
-171
Let k(m) = -2*m**3 + 6*m**2 + 7*m. Calculate k(5).
-65
Let a(j) = j**3 - 3*j**2 - 11*j + 9. Give a(5).
4
Let j(i) = -i**3 - 17*i**2 + 17*i - 26. Give j(-18).
-8
Let y(t) = -t**3 + 46*t**2 + 150*t - 152. Give y(49).
-5
Let j(f) = -f**3 - 6*f**2 + 9*f - 5. Determine j(-7).
-19
Let u(q) = -8*q + 50. Give u(10).
-30
Let b(p) = -p**3 + 10*p**2 - 2*p + 14. What is b(10)?
-6
Let k(q) = q**2 - 3*q + 3. Determine k(2).
1
Let z(d) = -29*d**3 - d**2 - 2*d - 1. Determine z(-1).
29
Let v(g) = 15*g + 49. Calculate v(-4).
-11
Let g(t) = 2*t**2 - 7*t + 20. What is g(10)?
150
Let o(b) = -3*b - 52. What is o(-15)?
-7
Let w(i) = -2*i**3 + i**2 + 3*i - 3. Give w(-2).
11
Let m(j) = -j**2 + 25*j - 48. Give m(23).
-2
Let c(l) = -2*l**2 + 5*l + 4. Determine c(3).
1
Let j(z) = -2*z**3 - 27*z**2 - 11*z + 11. Calculate j(-13).
-15
Let c(a) = -a**3 - 11*a**2 + 11*a - 7. Calculate c(-12).
5
Let v(n) = -n**2 + 8. Give v(-3).
-1
Let v(o) = -3*o + 22. Give v(12).
-14
Let i(z) = 2*z**3 - 6*z**2 - 7*z + 6. Calculate i(4).
10
Let n(p) = 10*p - 28. What is n(3)?
2
Let u(g) = -g**2 + 11*g - 31. Calculate u(7).
-3
Let i(m) = m**3 + 3*m**2 - 32*m + 10. What is i(4)?
-6
Let y(o) = o**2 + 11*o - 53. Determine y(4).
7
Let o(z) = -6*z + 14. What is o(4)?
-10
Let z(p) = 27*p + 28. What is z(-2)?
-26
Let m(x) = 2*x**2 + 31*x + 81. What is m(-3)?
6
Let j(n) = -n - 2. Give j(-1).
-1
Let l(q) = -135*q**3 - 2*q**2 + 3*q - 2. Give l(1).
-136
Let q(i) = 4*i**2 - 20*i + 1. Calculate q(4).
-15
Let o(x) = -x**3 - 8*x**2 + 103*x - 26. Determine o(-15).
4
Let h(v) = 4*v**2 - 11*v - 6. Give h(3).
-3
Let r(z) = -4*z + 12. Give r(4).
-4
Let y(v) = v**3 + 8*v**2 + 3*v - 16. What is y(-7)?
12
Let i(j) = 5*j - 1. What is i(-3)?
-16
Let g(c) = c - 37. Determine g(34).
-3
Let s(a) = a**3 - 5*a**2 + 4*a + 3. Calculate s(4).
3
Let m(l) = -l**2 + 11. Calculate m(0).
11
Let w(u) = -u**2 + 7*u - 2. Give w(8).
-10
Let s(l) = -2*l**2 - 33*l - 19. What is s(-16)?
-3
Let y(k) = 9*k - 17. Determine y(2).
1
Let b(i) = i + 4. Determine b(-5).
-1
Let p(r) = r**3 - 9*r**2 - 11*r + 5. Calculate p(10).
-5
Let n(z) = z**3 + 3*z**2 + 6*z + 8. Calculate n(-2).
0
Let c(s) = 2*s - 31. What is c(16)?
1
Let l(q) = q**2 - 14*q - 15. Give l(15).
0
Let v(r) = -r - 7. What is v(-7)?
0
Let h(v) = 2*v + 9. Determine h(-8).
-7
Let z(g) = -2*g - 1. Give z(5).
-11
Let j(n) = -n - 20. Give j(-5).
-15
Let m(a) = -14*a**2 + 7*a + 6. Determine m(-1).
-15
Let w(n) = -11*n + 116. Determine w(11).
-5
Let j(d) = 7*d - 86. Calculate j(14).
12
Let v(h) = -h**3 + 16*h**2 + 15*h + 39. Give v(17).
5
Let h(z) = -11*z + 13. What is h(2)?
-9
Let w(h) = -2*h**3 + 3*h - 3. Determine w(-3).
42
Let k(x) = 2*x + 4. Give k(-2).
0
Let g(p) = -31*p - 534. Give g(-17).
-7
Let z(w) = 8*w**3 + w**2 - 1. What is z(-1)?
-8
Let x(g) = 15*g - 7. Calculate x(6).
83
Let w(t) = -t**2 + 5*t - 8. Determine w(7).
-22
Let q(n) = -n - 17. What is q(-25)?
8
Let x(n) = -n**2 - 14*n + 4. What is x(-7)?
53
Let r(a) = a + 22. What is r(-8)?
14
Let n(v) = 9*v + 1. Determine n(4).
37
Let d(s) = 5*s - 26. Give d(6).
4
Let l(z) = -11*z - 46. Calculate l(-5).
9
Let w(y) = -y**2 - 23*y - 5. Calculate w(-23).
-5
Let a(c) = -c**3 - 27*c**2 - 16. Give a(-27).
-16
Let k(d) = 6*d + 23. Calculate k(-4).
-1
Let u(v) = 170*v - 1196. Determine u(7).
-6
Let a(w) = -w**2 + 6*w - 6. What is a(7)?
-13
Let n(t) = -t. What is n(1)?
-1
Let z(h) = 21*h - 110. Determine z(5).
-5
Let b(x) = -x**2 - 41*x - 4. Give b(-41).
-4
Let q(r) = 3*r**2 + 13*r + 6. Give q(-8).
94
Let g(n) = n**3 - 5*n - 2. Calculate g(-4).
-46
Let u(i) = 3*i**2 + 6*i - 1. Determine u(-3).
8
Let b(t) = -10*t**3 + 3*t + 2. Give b(-1).
9
Let h(z) = -13*z + 25. Give h(-1).
38
Let f(r) = -30*r - 96. Calculate f(-7).
114
Let h(p) = p + 17. What is h(-6)?
11
Let i(k) = k + 14. Determine i(-6).
8
Let j(u) = 2*u**3 - 8*u**2 + 5*u. What is j(5)?
75
Let y(b) = b**2 - 38*b + 80. Determine y(32).
-112
Let h(q) = q**3 - 8*q**2 + 3*q - 20. Determine h(8).
4
Let l(k) = -k**3 - 9*k**2 + 22*k + 13. What is l(-11)?
13
Let s(l) = -l**2 + 14*l + 9. What is s(16)?
-23
Let n(d) = -d**3 + 17*d**2 + 19*d - 18. Determine n(18).
0
Let h(p) = -4*p**3 - 4*p - 3. Determine h(-2).
37
Let k(l) = 60*l - 42. What is k(1)?
18
Let w(y) = 2*y**2 - 78*y + 150. Give w(2).
2
Let f(p) = p**3 - 2*p**2. What is f(3)?
9
Let j(x) = x**3 + 14*x**2 + x + 11. Give j(-14).
-3
Let c(t) = -t**2 + 19*t - 68. What is c(10)?
22
Let u(g) = -29*g**2 - 3*g + 2. What is u(1)?
-30
Let r(h) = h**3 - 9*h**2 - 36*h - 10. Give r(12).
-10
Let h(i) = -i**3 - 5*i**2 + 8*i - 1. What is h(-6)?
-13
Let k(a) = a**3 - 15*a**2 + 17*a - 4. What is k(14)?
38
Let y(h) = -8*h**3 - h**2 + 13*h - 12. What is y(1)?
-8
Let s(f) = 5*f**3 - 2*f + 1. What is s(1)?
4
Let n(y) = -y**3 - 6*y**2 - 2*y - 14. Calculate n(-7).
49
Let l(y) = y**3 - 9*y**2 - 43*y - 107. Calculate l(13).
10
Let h(y) = 3*y + 5. Calculate h(3).
14
Let l(k) = -4*k + 9. What is l(5)?
-11
Let k(b) = b**2 - 11*b + 15. Calculate k(3).
-9
Let g(o) = 3*o**2 - 18*o + 4. What is g(5)?
-11
Let j(t) = 3*t**2 + 36*t + 76. Calculate j(-9).
-5
Let j(q) = -4*q**2 - 44*q - 2. What is j(-11)?
-2
Let p(v) = -3*v - 55. Give p(-18).
-1
Let o(g) = 2*g**3 + g**2 + g - 6. Give o(2).
16
Let f(c) = -3*c + 22. Give f(15).
-23
Let s(t) = t**2 + 6*t - 15. Calculate s(-13).
76
Let m(t) = t**3 - 11*t**2 + 7*t + 7. Determine m(10).
-23
Let v(m) = -16*m**2 + 177*m - 15. Give v(11).
-4
Let l(y) = 55*y + 1. Determine l(1).
56
Let w(n) = -21*n + 350. Determine w(16).
14
Let f(h) = -h + 24. Calculate f(5).
19
Let z(s) = 2*s + 2. Determine z(-3).
-4
Let f(s) = -10*s + 5. Determine f(2).
-15
Let c(f) = 3*f**2 + 22*f - 8. Determine c(-7).
-15
Let y(u) = -9*u**2 + 98*u + 4. Calculate y(11).
-7
Let i(g) = -2*g - 5. Determine i(5).
-15
Let j(r) = 24*r**3 - r**2 + r + 1. Determine j(-1).
-25
Let p(o) = o**3 + 9*o**2 + 19*o - 17. Determine p(-5).
-12
Let h(s) = s**3 - 17*s**2 - 46*s + 148. Determine h(19).
-4
Let v(g) = 2*g**3 + 8*g**2 - 41*g - 15. Give v(-7).
-22
Let c(q) = -2*q**2 + 2*q + 1. What is c(2)?
-3
Let r(i) = i**2 + 4*i + 2. What is r(-4)?
2
Let b(o) = o**3 + 17*o**2 + 2*o + 20. What is b(-17)?
-14
Let h(p) = -p**3 - 7*p**2 + 2. Determine h(-3).
-34
Let q(x) = 3*x - 20. Determine q(6).
-2
Let l(v) = 16*v + 53. Calculate l(-3).
5
Let n(y) = 10*y - 99. Determine n(10).
1
Let s(m) = -2*m**3 + 8*m**2 + m - 4. Give s(4).
0
Let c(n) = n**3 - 5*n**2 - 9*n + 4. Determine c(6).
-14
Let q(m) = m**2 - 21*m + 109. Determine q(7).
11
Let g(t) = t**3 + 8*t**2 - 2*t - 18. Give g(-6).
66
Let r(v) = v**3 - 5*v**2 - 3*v + 8. Determine r(5).
-7
Let g(f) = -f**2 + 29*f - 27. What is g(28)?
1
Let c(i) = 3*i - 57. Calculate c(15).
-12
Let n(t) = 2*t**3 - 8*t**2 - 7*t - 5. What is n(5)?
10
Let z(c) = c**2 - 9*c - 10. Calculate z(9).
-10
Let v(a) = -3*a + 5. Calculate v(4).
-7
Let c(q) = 2*q**2 - 4*q + 2. Determine c(4).
18
Let m(q) = -3*q**2 + 3*q. Calculate m(2).
-6
Let i(v) = -v + 46. Determine i(5).
41
Let p(o) = -6*o + 7. What is p(-5)?
37
Let f(k) = 9*k + 4. Calculate f(5).
49
Let a(p) = -p**3 - 2*p**2 + 5*p - 5. Give a(2).
-11
Let i(p) = -p + 50. What is i(0)?
50
Let y(i) = -i**3 + 10*i**2 - 10*i + 15. Determine y(9).
6
Let c(r) = -10*r**3 + r**2 - 2*r + 1. Give c(1).
-10
Let j(z) = z**2 - 2*z. Give j(2).
0
Let o(j) = -j**3 + 6*j**2 